mon factor of 5014 and 46?
46
Calculate the highest common divisor of 324 and 18.
18
What is the greatest common divisor of 120 and 200?
40
What is the greatest common divisor of 270 and 20?
10
Calculate the greatest common divisor of 484 and 176.
44
Calculate the greatest common factor of 88 and 242.
22
What is the greatest common factor of 246 and 28946?
82
What is the highest common divisor of 3605 and 35?
35
What is the highest common factor of 62 and 310?
62
Calculate the greatest common factor of 111 and 27.
3
What is the highest common factor of 23 and 4048?
23
Calculate the highest common divisor of 28 and 42868.
28
What is the greatest common divisor of 4739 and 21?
7
Calculate the highest common factor of 6 and 10.
2
What is the highest common factor of 3 and 11?
1
Calculate the highest common factor of 584 and 17228.
292
What is the highest common factor of 30 and 555?
15
Calculate the highest common factor of 1815 and 105.
15
What is the greatest common factor of 47 and 2303?
47
Calculate the greatest common divisor of 52 and 10296.
52
What is the highest common divisor of 53 and 2915?
53
Calculate the highest common factor of 88 and 572.
44
Calculate the greatest common factor of 442 and 68.
34
What is the highest common divisor of 105 and 7245?
105
What is the highest common divisor of 28 and 847?
7
What is the greatest common divisor of 328 and 82?
82
What is the highest common divisor of 45 and 60?
15
Calculate the highest common divisor of 3231 and 99.
9
Calculate the highest common factor of 553 and 869.
79
What is the highest common factor of 4 and 1094?
2
What is the greatest common divisor of 3 and 537?
3
Calculate the greatest common factor of 3200 and 144.
16
What is the greatest common factor of 18 and 2097?
9
Calculate the highest common factor of 1058 and 92.
46
What is the highest common divisor of 855 and 90?
45
What is the highest common factor of 6422 and 65?
13
What is the greatest common factor of 240 and 15?
15
Calculate the greatest common factor of 53 and 53.
53
Calculate the greatest common divisor of 435 and 5.
5
Calculate the greatest common factor of 4930 and 1530.
170
Calculate the greatest common divisor of 1886 and 184.
46
Calculate the highest common factor of 33720 and 60.
60
What is the highest common divisor of 42 and 987?
21
What is the greatest common divisor of 12 and 564?
12
What is the highest common divisor of 34229 and 13?
13
What is the greatest common factor of 296 and 91316?
148
What is the highest common divisor of 41 and 27880?
41
Calculate the greatest common divisor of 6 and 240.
6
What is the greatest common factor of 39204 and 198?
198
Calculate the greatest common factor of 160 and 10.
10
Calculate the highest common factor of 11823 and 21.
21
Calculate the highest common divisor of 210 and 511.
7
Calculate the greatest common factor of 7488 and 9.
9
What is the greatest common factor of 475 and 875?
25
Calculate the highest common divisor of 144 and 1392.
48
What is the highest common factor of 2439 and 18?
9
What is the highest common divisor of 25 and 275?
25
Calculate the highest common divisor of 143 and 11.
11
Calculate the highest common factor of 20 and 4990.
10
Calculate the greatest common factor of 136 and 24.
8
Calculate the greatest common factor of 56 and 140.
28
Calculate the greatest common divisor of 468 and 2496.
156
What is the highest common divisor of 1222 and 26?
26
Calculate the highest common divisor of 7 and 147.
7
Calculate the highest common factor of 11 and 49313.
11
Calculate the highest common divisor of 445 and 3649.
89
What is the greatest common factor of 153 and 117?
9
What is the highest common divisor of 320 and 420?
20
Calculate the greatest common divisor of 4 and 193.
1
What is the greatest common factor of 2 and 12?
2
Calculate the greatest common factor of 550 and 22.
22
What is the greatest common factor of 15294 and 6?
6
Calculate the greatest common factor of 170 and 1156.
34
Calculate the greatest common factor of 11380 and 20.
20
Calculate the greatest common divisor of 22 and 2222.
22
What is the highest common divisor of 50962 and 166?
166
What is the greatest common divisor of 2688 and 21?
21
What is the greatest common divisor of 75 and 23475?
75
Calculate the greatest common divisor of 28 and 1638.
14
What is the greatest common factor of 792 and 32?
8
Calculate the greatest common factor of 4 and 604.
4
What is the greatest common divisor of 151 and 453?
151
What is the greatest common factor of 8 and 4344?
8
Calculate the highest common divisor of 70 and 21.
7
Calculate the greatest common factor of 60 and 75.
15
Calculate the greatest common factor of 1885 and 260.
65
Calculate the greatest common factor of 3960 and 176.
88
What is the highest common factor of 187 and 33?
11
Calculate the highest common factor of 85 and 23545.
85
What is the highest common divisor of 156 and 30?
6
What is the greatest common factor of 7072 and 156?
52
Calculate the highest common divisor of 56 and 176.
8
Calculate the highest common factor of 2560 and 40.
40
Calculate the highest common factor of 19 and 133.
19
What is the greatest common factor of 98 and 434?
14
Calculate the highest common divisor of 8772 and 17.
17
What is the highest common factor of 5 and 31015?
5
Calculate the highest common factor of 146 and 3139.
73
Calculate the greatest common divisor of 2356 and 3968.
124
What is the highest common factor of 423 and 752?
47
Calculate the highest common divisor of 441 and 392.
49
Calculate the greatest common divisor of 240 and 840.
120
Calculate the greatest common factor of 26 and 12662.
26
Calculate the highest common divisor of 3675 and 75.
75
What is the highest common divisor of 243 and 54?
27
Calculate the highest common factor of 72 and 1359.
9
Calculate the greatest common factor of 1258 and 17.
17
What is the highest common factor of 2967 and 473?
43
Calculate the greatest common divisor of 12 and 596.
4
Calculate the greatest common factor of 5 and 210.
5
Calculate the highest common divisor of 172 and 4.
4
What is the greatest common divisor of 247 and 608?
19
Calculate the greatest common factor of 66 and 110.
22
Calculate the greatest common divisor of 25 and 28225.
25
What is the highest common divisor of 3675 and 1200?
75
Calculate the greatest common factor of 469 and 67.
67
What is the highest common factor of 30 and 640?
10
Calculate the greatest common factor of 26 and 2392.
26
Calculate the highest common divisor of 234 and 9984.
78
Calculate the highest common divisor of 64 and 2176.
64
Calculate the highest common divisor of 31 and 775.
31
What is the greatest common factor of 160 and 632?
8
What is the greatest common divisor of 85 and 5593?
17
What is the highest common divisor of 10 and 1345?
5
What is the highest common divisor of 143 and 176?
11
Calculate the highest common factor of 6 and 1023.
3
What is the greatest common divisor of 204 and 108?
12
Calculate the greatest common factor of 34 and 1003.
17
What is the highest common factor of 118 and 472?
118
Calculate the greatest common divisor of 256 and 240.
16
What is the highest common divisor of 259 and 511?
7
Calculate the greatest common factor of 5544 and 315.
63
Calculate the highest common factor of 97 and 42971.
97
What is the greatest common divisor of 13 and 689?
13
What is the highest common factor of 275 and 330?
55
What is the greatest common divisor of 90 and 7362?
18
What is the greatest common factor of 161 and 63?
7
Calculate the highest common divisor of 27 and 1350.
27
What is the greatest common factor of 159 and 1325?
53
What is the highest common divisor of 26 and 34?
2
What is the highest common divisor of 644 and 84?
28
What is the highest common factor of 85 and 34?
17
What is the highest common factor of 120 and 1560?
120
Calculate the highest common divisor of 5 and 5460.
5
What is the highest common divisor of 1596 and 9?
3
What is the highest common factor of 2008 and 8?
8
What is the highest common factor of 3806 and 22?
22
Calculate the highest common divisor of 2151 and 9.
9
What is the greatest common factor of 948 and 395?
79
Calculate the greatest common divisor of 184 and 88.
8
Calculate the greatest common divis